211921085 composite?
True
Is 26187631 composite?
True
Is 4567919 a composite number?
False
Is 6385487 a composite number?
False
Is 3925979 composite?
True
Is 23125307 composite?
True
Is 252823 a prime number?
True
Is 13061509 composite?
True
Is 1615109 prime?
False
Is 3171713 composite?
True
Is 22776349 composite?
True
Is 5144177 composite?
False
Is 57574891 composite?
True
Is 151928011 prime?
True
Is 19640959 a composite number?
True
Is 43073 a composite number?
True
Is 3527869 a prime number?
True
Is 111542813 a composite number?
True
Is 16356877 composite?
False
Is 14917967 composite?
False
Is 174417387 a composite number?
True
Is 235786283 a prime number?
False
Is 4799819 prime?
False
Is 282051613 composite?
False
Is 1730299 composite?
False
Is 140359 composite?
True
Is 216565 a composite number?
True
Is 3628213 a prime number?
False
Is 91299829 prime?
True
Is 7954955 a prime number?
False
Is 121870099 composite?
True
Is 43305539 composite?
False
Is 103187563 a prime number?
False
Is 22645067 a composite number?
False
Is 91750621 a composite number?
False
Is 46579179 composite?
True
Is 36745133 prime?
True
Is 137802557 a prime number?
True
Is 356729 composite?
True
Is 11144569 composite?
True
Is 306713 composite?
True
Is 7775566 composite?
True
Is 8108689 composite?
False
Is 1176221 a prime number?
True
Is 68756021 composite?
False
Is 2427521 a prime number?
True
Is 10983766 a composite number?
True
Is 73082371 composite?
True
Is 7798133 a prime number?
False
Is 110810867 prime?
True
Is 1024021 a prime number?
True
Is 11061233 a prime number?
False
Is 5734559 prime?
False
Is 640517131 a prime number?
False
Is 55440977 a composite number?
False
Is 32736997 a composite number?
False
Is 212305043 composite?
False
Is 18166087 a prime number?
False
Is 25746971 composite?
False
Is 174517703 a composite number?
False
Is 415154099 prime?
True
Is 6911159 prime?
False
Is 2326613 a composite number?
False
Is 26302867 a prime number?
True
Is 325858807 a composite number?
False
Is 724752101 prime?
True
Is 699207 a prime number?
False
Is 53374045 a prime number?
False
Is 3134777 composite?
True
Is 788466853 prime?
True
Is 41602487 a prime number?
True
Is 40046817 a composite number?
True
Is 65161903 prime?
True
Is 24787351 prime?
True
Is 640275187 a prime number?
False
Is 110945971 prime?
True
Is 4100051 prime?
True
Is 14215343 a composite number?
False
Is 15516001 composite?
False
Is 659027141 composite?
True
Is 35460717 a composite number?
True
Is 47582237 prime?
False
Is 6940877 composite?
True
Is 10115509 prime?
True
Is 108838077 a composite number?
True
Is 15205537 a prime number?
True
Is 326562371 a composite number?
False
Is 16620298 a prime number?
False
Is 10262089 prime?
False
Is 12042029 a prime number?
False
Is 26798833 composite?
False
Is 696719 a prime number?
True
Is 1608518 composite?
True
Is 196073 prime?
True
Is 236085209 prime?
False
Is 298239011 prime?
False
Is 10170887 a composite number?
False
Is 37584061 composite?
False
Is 6867691 composite?
True
Is 23485013 composite?
True
Is 8348297 composite?
True
Is 37752215 prime?
False
Is 188867335 a composite number?
True
Is 127148987 prime?
False
Is 12653957 prime?
True
Is 479110637 a prime number?
True
Is 26705971 a prime number?
False
Is 6913 composite?
True
Is 13864649 composite?
False
Is 7307903 a composite number?
True
Is 159666569 composite?
False
Is 14963309 a composite number?
False
Is 1160723 a prime number?
False
Is 546787 a composite number?
True
Is 17013179 a prime number?
False
Is 29015501 a composite number?
False
Is 79454471 prime?
True
Is 59281433 a composite number?
False
Is 121909 composite?
False
Is 1161031 composite?
False
Is 3046097 a composite number?
True
Is 523207 composite?
False
Is 5444147 a composite number?
True
Is 481919423 a composite number?
False
Is 706841 a composite number?
False
Is 16147393 a composite number?
False
Is 8944739 a composite number?
False
Is 10829927 composite?
True
Is 20524033 prime?
False
Is 1888151 prime?
True
Is 3103757 a composite number?
False
Is 3108949 composite?
False
Is 4072547 prime?
False
Is 3625834 composite?
True
Is 82966055 a composite number?
True
Is 41847631 a composite number?
True
Is 6840413 composite?
False
Is 18775301 a prime number?
True
Is 8856587 composite?
True
Is 205882127 a prime number?
False
Is 639219043 a prime number?
True
Is 120538807 a prime number?
False
Is 54854279 prime?
False
Is 39126277 a composite number?
False
Is 271571 a composite number?
False
Is 2940747 composite?
True
Is 35603618 composite?
True
Is 24400403 a composite number?
False
Is 15960491 a composite number?
False
Is 1793555 composite?
True
Is 1973157 prime?
False
Is 185181253 prime?
True
Is 9519689 prime?
False
Is 609859 a composite number?
False
Is 5200823 prime?
False
Is 7099555 prime?
False
Is 10147283 a prime number?
False
Is 23902973 a prime number?
False
Is 31559317 prime?
True
Is 170733359 a composite number?
False
Is 89517557 composite?
False
Is 524712995 a composite number?
True
Is 5878139 a prime number?
True
Is 12085771 a prime number?
False
Is 590590237 a composite number?
False
Is 22711789 a composite number?
True
Is 6602387 prime?
False
Is 1328413 prime?
False
Is 9635707 composite?
False
Is 15088067 a prime number?
False
Is 8599993 a prime number?
True
Is 10338161 prime?
False
Is 1175003 a prime number?
True
Is 6410801 prime?
False
Is 2126017 composite?
False
Is 18939667 composite?
True
Is 37641497 prime?
False
Is 43853 a composite number?
False
Is 34995479 a composite number?
False
Is 6402379 composite?
False
Is 408965701 a prime number?
True
Is 14195473 a composite number?
False
Is 15385303 a composite number?
True
Is 22290287 composite?
True
Is 4439839 a prime number?
False
Is 1272842 a prime number?
False
Is 15940523 a composite number?
True
Is 54246253 prime?
False
Is 22770169 composite?
False
Is 18832633 a composite number?
False
Is 4267033 prime?
True
Is 215417 composite?
False
Is 1082969 composite?
False
Is 133599091 a prime number?
True
Is 13570331 composite?
True
Is 4048103 a prime number?
True
Is 11013851 composite?
True
Is 12766681 composite?
False
Is 18234211 a composite number?
False
Is 16859057 a composite number?
True
Is 61209719 a composite number?
False
Is 7433603 a prime number?
False
Is 6708701 a prime number?
True
Is 8551351 a prime number?
True
Is 209462459 a composite number?
False
Is 38614133 a prime number?
True
Is 457675067 prime?
False
Is 29806481 a composite number?
False
Is 3442759 a composite number?
False
Is 1069373 a composite number?
True
Is 3175633 a prime number?
False
Is 17825999 a composite number?
False
Is 25922627 a composite number?
True
Is 1520747 composite?
False
Is 4479311 a prime number?
False
Is 525629 a prime number?
False
Is 103416449 prime?
False
Is 254277853 composite?
True
Is 21810089 a composite number?
True
Is 22811135 a prime number?
False
Is 5779 a composite number?
False
Is 464603 a prime number?
True
Is 1564319 prime?
False
Is 67093293 composite?
True
Is 5602277 a composite number?
False
Is 376171 a prime number?
True
Is 455744015 a composite number?
True
Is 5342087 a prime number?
True
Is 1867505 a prime number?
False
Is 22353127 composite?
False
Is 329108693 a prime number?
True
Is 975917 composite?
True
Is 16596491 composite?
False
Is 3027221 a prime number?
True
Is 52026577 composite?
True
Is 38008961 a composite number?
False
Is 51898903 a composite number?
True
Is 45781537 prime?
False
Is 58239953 a prime number?
True
Is 6376519 prime?
False
Is 5752031 prime?
True
Is 359280777 composite?
True
Is 3861835 composite?
True
Is 6539983 prime?
True
Is 210455015 a composite number?
True
Is 436201 a composite number?
True
Is 776315029 composite?
True
Is 30565291 a composite number?
False
Is 61824251 a composite number?
True
Is 901519 composite?
True
Is 479669 prime?
False
Is 147541503 a prime number?
False
Is 82833 prime?
False
Is 28716869 a composite number?
True
Is 18787579 composite?
False
Is 4790257 prime?
False
Is 58849823 a composite number?
True
Is 14613329 composite?
True
Is 33077843 prime?
True
Is 20594465 prime?
False
Is 11947763 prime?
True
Is 47131971 composite?
True
Is 2501081 a prime number?
False
Is 1833427 a composite number?
False
Is 11366843 prime?
Fal